{"id":1166,"date":"2013-06-27T14:42:05","date_gmt":"2013-06-27T13:42:05","guid":{"rendered":"http:\/\/www.fotobcnlive.es\/?page_id=1166"},"modified":"2014-05-12T18:31:51","modified_gmt":"2014-05-12T16:31:51","slug":"condiciones-workshops","status":"publish","type":"page","link":"http:\/\/www.fotobcnlive.es\/?page_id=1166","title":{"rendered":"Condiciones workshops"},"content":{"rendered":"<h3><span style=\"color: #99ccff;\"><strong>Informaci\u00f3n general<\/strong><\/span><\/h3>\n<p style=\"text-align: justify;\">Foto BCNLive realiza cursos dirigidos a tod@s aquellos que tengan curiosidad por conocer y aprender la t\u00e9cnica de la fotograf\u00eda nocturna y el light painting. Los grupos que conforman los cursos ser\u00e1n reducidos, no habiendo m\u00e1s de 6 alumnos por profesor.<\/p>\n<p style=\"text-align: justify;\">El alumno se hace responsable de su propio comportamiento y de las actuaciones que realice en el marco del curso, preservando y evitando da\u00f1os de cualquier naturaleza en el <span style=\"color: #99ccff;\"><strong>Entorno<\/strong><\/span>. En el caso de que exista la posibilidad de utilizar elementos de pirotecnia, se extremar\u00e1n las precauciones.<\/p>\n<p style=\"text-align: justify;\">Se reserva el derecho de admisi\u00f3n.<\/p>\n<h3><span style=\"color: #99ccff;\"><strong>Reservas y pago de los cursos<\/strong><\/span><\/h3>\n<p style=\"text-align: justify;\">Las reservas se efectuar\u00e1n mediante el pago del importe indicado a tal efecto y\u00a0\u00a0por anticipado siendo s\u00f3lo y exclusivamente en concepto de reserva de plaza para la participaci\u00f3n en el curso.<\/p>\n<p style=\"text-align: justify;\">Las comidas, cenas, estancias y\/o desayunos son independientes al precio del curso, excepto en los expl\u00edcitamente indicados. Los alumnos ser\u00e1n informados de los precios de estos servicios por si estuvieran interesados en contratar alguno de ellos por cuenta propia.<\/p>\n<p style=\"text-align: justify;\">Desde el momento en que se abra el periodo de inscripci\u00f3n para un nuevo curso, el alumno deber\u00e1 realizar el pago del importe correspondiente a la reserva de plaza. El d\u00eda del curso durante la recepci\u00f3n, los alumnos asistentes abonar\u00e1n el importe restante hasta completar el total.<\/p>\n<h3><span style=\"color: #99ccff;\"><strong>Devoluciones<\/strong><\/span><\/h3>\n<p>El alumno tendr\u00e1 derecho a la devoluci\u00f3n de l importe de la reserva siempre y cuando avise de la baja en un plazo de 15 d\u00edas antes de la celebraci\u00f3n del curso. Una vez pasado ese plazo, no se \u00a0proceder\u00e1 a devolver dicho importe correspondiente a la reserva de plaza. *Las compras realizadas a trav\u00e9s de operadores como LetsBonus, Groupalia, etc. no tendr\u00e1n derecho a devoluci\u00f3n.<\/p>\n<h3><span style=\"color: #99ccff;\">NUW<\/span><\/h3>\n<p>Se establecen condiciones especiales para los Night Urban Workshops en cuanto a la cancelaci\u00f3n por situaci\u00f3n meteorol\u00f3gica adversa. En caso de no poderse celebrar el evento por circunstancias de esta \u00edndole el alumno podr\u00e1 pedir la devoluci\u00f3n del importe correspondiente que hubiese pagado con anterioridad, o bien escoger otro d\u00eda para realizar el curso, siguiendo el <a title=\"Calendario de Eventos\" href=\"http:\/\/www.fotobcnlive.es\/?page_id=1088\/\">calendario de eventos<\/a> previsto para la zona escogida.<\/p>\n<p>Si las previsiones meteorol\u00f3gicas previstas no fueran las deseadas, Foto BCNLive informar\u00e1 con antelaci\u00f3n al alumno informando sobre la cancelaci\u00f3n del evento.<\/p>\n<p>&nbsp;<\/p>\n<p>Para\u00a0cualquier aclaraci\u00f3n, sugerencia o reclamaci\u00f3n pueden hacerlo a trav\u00e9s de la p\u00e1gina de <a title=\"Contacto\" href=\"http:\/\/www.fotobcnlive.es\/?page_id=106\">contacto<\/a>.<\/p>\n<p>*Foto BCNLive se reserva el derecho de cancelaci\u00f3n de los eventos por falta de asistencia o causas ajenas o de fuerza mayor. En tal caso el alumno tendr\u00e1 derecho a la devoluci\u00f3n del importe pagado.<\/p>\n<h3><span style=\"color: #99ccff;\">Concursos<\/span><\/h3>\n<p>Los premios de los concursos promocionados por Foto BCNLive se limitan al importe de la parte formativa del taller, \u00a0no incluyendo en ning\u00fan caso los gastos de desplazamiento, alojamiento y comida, caso de haberlos. Dichos gastos ir\u00e1n a cargo del participante premiado.<\/p>\n<p>Los premios siempre supondr\u00e1n un descuento sobre la formaci\u00f3n a no ser que se especifique lo contrario. Los detalles de cada concurso se establecer\u00e1n en ellos de forma individual, no siendo extensibles a otros concursos.<\/p>\n<p>Pueden participar todas aquellas personas con mayor\u00eda de edad.<\/p>\n<p>La falta de asistencia del participante premiado no le da derecho a la reclamaci\u00f3n del premio en otros cursos, talleres, workshops, etc. que se realicen posteriormente, ni su importe equivalente en met\u00e1lico.<\/p>\n<p>&nbsp;<\/p>\n","protected":false},"excerpt":{"rendered":"<p>Informaci\u00f3n general Foto BCNLive realiza cursos dirigidos a tod@s aquellos que tengan curiosidad por conocer y aprender la t\u00e9cnica de la fotograf\u00eda nocturna y el light painting. Los grupos que conforman los cursos ser\u00e1n reducidos, no habiendo m\u00e1s de 6 alumnos por profesor. El alumno se hace responsable de su propio comportamiento y de las&#8230;<\/p>\n","protected":false},"author":1,"featured_media":0,"parent":0,"menu_order":0,"comment_status":"open","ping_status":"open","template":"template.fullwidth.php","meta":{"footnotes":""},"class_list":["post-1166","page","type-page","status-publish","hentry"],"_links":{"self":[{"href":"http:\/\/www.fotobcnlive.es\/index.php?rest_route=\/wp\/v2\/pages\/1166","targetHints":{"allow":["GET"]}}],"collection":[{"href":"http:\/\/www.fotobcnlive.es\/index.php?rest_route=\/wp\/v2\/pages"}],"about":[{"href":"http:\/\/www.fotobcnlive.es\/index.php?rest_route=\/wp\/v2\/types\/page"}],"author":[{"embeddable":true,"href":"http:\/\/www.fotobcnlive.es\/index.php?rest_route=\/wp\/v2\/users\/1"}],"replies":[{"embeddable":true,"href":"http:\/\/www.fotobcnlive.es\/index.php?rest_route=%2Fwp%2Fv2%2Fcomments&post=1166"}],"version-history":[{"count":20,"href":"http:\/\/www.fotobcnlive.es\/index.php?rest_route=\/wp\/v2\/pages\/1166\/revisions"}],"predecessor-version":[{"id":2540,"href":"http:\/\/www.fotobcnlive.es\/index.php?rest_route=\/wp\/v2\/pages\/1166\/revisions\/2540"}],"wp:attachment":[{"href":"http:\/\/www.fotobcnlive.es\/index.php?rest_route=%2Fwp%2Fv2%2Fmedia&parent=1166"}],"curies":[{"name":"wp","href":"https:\/\/api.w.org\/{rel}","templated":true}]}}