{"id":2743,"date":"2014-09-26T22:22:42","date_gmt":"2014-09-26T20:22:42","guid":{"rendered":"http:\/\/www.fotobcnlive.es\/?page_id=2743"},"modified":"2014-09-29T09:58:51","modified_gmt":"2014-09-29T07:58:51","slug":"taller-de-fotografia-led-larga-exposicion-diurna","status":"publish","type":"page","link":"http:\/\/www.fotobcnlive.es\/?page_id=2743","title":{"rendered":"Taller de Fotograf\u00eda LED (Larga Exposici\u00f3n Diurna)"},"content":{"rendered":"<p>El pr\u00f3ximo d\u00eda <span style=\"color: #99ccff;\"><strong>25 de Octubre<\/strong><\/span>, estaremos impartiendo un taller de Larga Exposici\u00f3n Diurna (<strong>LED<\/strong>) en la recientemente inaugurada escuela de fotograf\u00eda <a href=\"http:\/\/www.digifoto.cat\">DIGIFOTO<\/a> de Matar\u00f3.<\/p>\n<p><img loading=\"lazy\" decoding=\"async\" class=\"aligncenter size-full wp-image-2741\" src=\"http:\/\/www.fotobcnlive.es\/wp-content\/uploads\/2014\/09\/WSD25O14_Slide.jpg\" alt=\"WSD25O14_Slide\" width=\"960\" height=\"345\" srcset=\"http:\/\/www.fotobcnlive.es\/wp-content\/uploads\/2014\/09\/WSD25O14_Slide.jpg 960w, http:\/\/www.fotobcnlive.es\/wp-content\/uploads\/2014\/09\/WSD25O14_Slide-640x230.jpg 640w\" sizes=\"auto, (max-width: 960px) 100vw, 960px\" \/><\/p>\n<p>El taller <span style=\"color: #99ccff;\">comenzar\u00e1 a las 10h<\/span> y se distribuir\u00e1 de la siguiente forma:<\/p>\n<ul>\n<li>2 horas de te\u00f3rica<\/li>\n<li>2 horas de pr\u00e1ctica<\/li>\n<li>2 horas de revelado\/procesado<\/li>\n<\/ul>\n<p>Entre la pr\u00e1ctica y el procesado, realizaremos una parada t\u00e9cnica para comer (incluido en el precio) y posteriormente durante el revelado\/procesado, grabaremos la sesi\u00f3n en v\u00eddeo para que los participantes puedan descarg\u00e1rsela y verla cuantas veces lo necesiten.<\/p>\n<p>Un curso muy completo que te permitir\u00e1 conocer esta maravillosa t\u00e9cnica fotogr\u00e1fica, cada vez m\u00e1s de moda en nuestro pa\u00eds.<\/p>\n<p>Para poder realizar la inscripci\u00f3n, s\u00f3lo tienes que entrar en <strong><span style=\"color: #ff6600;\"><a href=\"http:\/\/www.digifoto.cat\"><span style=\"color: #ff6600;\">www.digifoto.cat<\/span><\/a><\/span><\/strong> e informarte.<\/p>\n<p>Te esperamos!<\/p>\n<p style=\"text-align: center;\">\n[youtube PK4_q1r3WFk 640 480]<\/p>\n","protected":false},"excerpt":{"rendered":"<p>El pr\u00f3ximo d\u00eda 25 de Octubre, estaremos impartiendo un taller de Larga Exposici\u00f3n Diurna (LED) en la recientemente inaugurada escuela de fotograf\u00eda DIGIFOTO de Matar\u00f3. El taller comenzar\u00e1 a las 10h y se distribuir\u00e1 de la siguiente forma: 2 horas de te\u00f3rica 2 horas de pr\u00e1ctica 2 horas de revelado\/procesado Entre la pr\u00e1ctica y el&#8230;<\/p>\n","protected":false},"author":1,"featured_media":2741,"parent":0,"menu_order":0,"comment_status":"open","ping_status":"open","template":"template.fullwidth.php","meta":{"footnotes":""},"class_list":["post-2743","page","type-page","status-publish","has-post-thumbnail","hentry"],"_links":{"self":[{"href":"http:\/\/www.fotobcnlive.es\/index.php?rest_route=\/wp\/v2\/pages\/2743","targetHints":{"allow":["GET"]}}],"collection":[{"href":"http:\/\/www.fotobcnlive.es\/index.php?rest_route=\/wp\/v2\/pages"}],"about":[{"href":"http:\/\/www.fotobcnlive.es\/index.php?rest_route=\/wp\/v2\/types\/page"}],"author":[{"embeddable":true,"href":"http:\/\/www.fotobcnlive.es\/index.php?rest_route=\/wp\/v2\/users\/1"}],"replies":[{"embeddable":true,"href":"http:\/\/www.fotobcnlive.es\/index.php?rest_route=%2Fwp%2Fv2%2Fcomments&post=2743"}],"version-history":[{"count":7,"href":"http:\/\/www.fotobcnlive.es\/index.php?rest_route=\/wp\/v2\/pages\/2743\/revisions"}],"predecessor-version":[{"id":2752,"href":"http:\/\/www.fotobcnlive.es\/index.php?rest_route=\/wp\/v2\/pages\/2743\/revisions\/2752"}],"wp:featuredmedia":[{"embeddable":true,"href":"http:\/\/www.fotobcnlive.es\/index.php?rest_route=\/wp\/v2\/media\/2741"}],"wp:attachment":[{"href":"http:\/\/www.fotobcnlive.es\/index.php?rest_route=%2Fwp%2Fv2%2Fmedia&parent=2743"}],"curies":[{"name":"wp","href":"https:\/\/api.w.org\/{rel}","templated":true}]}}