{"id":2901,"date":"2015-01-26T15:26:11","date_gmt":"2015-01-26T13:26:11","guid":{"rendered":"http:\/\/www.fotobcnlive.es\/?page_id=2901"},"modified":"2015-01-26T15:36:33","modified_gmt":"2015-01-26T13:36:33","slug":"fotografia-de-eventos","status":"publish","type":"page","link":"http:\/\/www.fotobcnlive.es\/?page_id=2901","title":{"rendered":"Fotograf\u00eda de eventos"},"content":{"rendered":"<p>Sabemos de la importancia de conseguir el \u00e9xito con tus eventos. Foto BCNLive pone a tu disposici\u00f3n un equipo de profesionales comprometido a realizar un trabajo de alta calidad al mejor precio.<\/p>\n<p>Entrega de im\u00e1genes en alta resoluci\u00f3n\u00a0mediante servicio cloud incluido.<\/p>\n<p>Si adem\u00e1s necesitas un trabajo de retoque para dejar tus fotograf\u00edas preparadas para imprimir, no dudes en contactar con nosotros y te haremos llegar el presupuesto que mejor se ajuste a tus necesidades.<\/p>\n<p>Los precios comprendidos en esta tabla no incluyen IVA.<\/p>\n<p>[price_table id=2899]<\/p>\n<p>&nbsp;<\/p>\n<p>Para realizar cualquier consulta no dudes en ponerte en contacto con nosotros a trav\u00e9s de\u00a0<a href=\"mailto:info@fotobcnlive.com\">info@fotobcnlive.com<\/a><\/p>\n","protected":false},"excerpt":{"rendered":"<p>Sabemos de la importancia de conseguir el \u00e9xito con tus eventos. Foto BCNLive pone a tu disposici\u00f3n un equipo de profesionales comprometido a realizar un trabajo de alta calidad al mejor precio. Entrega de im\u00e1genes en alta resoluci\u00f3n\u00a0mediante servicio cloud incluido. Si adem\u00e1s necesitas un trabajo de retoque para dejar tus fotograf\u00edas preparadas para imprimir,&#8230;<\/p>\n","protected":false},"author":1,"featured_media":0,"parent":0,"menu_order":0,"comment_status":"open","ping_status":"open","template":"template.fullwidth.php","meta":{"footnotes":""},"class_list":["post-2901","page","type-page","status-publish","hentry"],"_links":{"self":[{"href":"http:\/\/www.fotobcnlive.es\/index.php?rest_route=\/wp\/v2\/pages\/2901","targetHints":{"allow":["GET"]}}],"collection":[{"href":"http:\/\/www.fotobcnlive.es\/index.php?rest_route=\/wp\/v2\/pages"}],"about":[{"href":"http:\/\/www.fotobcnlive.es\/index.php?rest_route=\/wp\/v2\/types\/page"}],"author":[{"embeddable":true,"href":"http:\/\/www.fotobcnlive.es\/index.php?rest_route=\/wp\/v2\/users\/1"}],"replies":[{"embeddable":true,"href":"http:\/\/www.fotobcnlive.es\/index.php?rest_route=%2Fwp%2Fv2%2Fcomments&post=2901"}],"version-history":[{"count":4,"href":"http:\/\/www.fotobcnlive.es\/index.php?rest_route=\/wp\/v2\/pages\/2901\/revisions"}],"predecessor-version":[{"id":2906,"href":"http:\/\/www.fotobcnlive.es\/index.php?rest_route=\/wp\/v2\/pages\/2901\/revisions\/2906"}],"wp:attachment":[{"href":"http:\/\/www.fotobcnlive.es\/index.php?rest_route=%2Fwp%2Fv2%2Fmedia&parent=2901"}],"curies":[{"name":"wp","href":"https:\/\/api.w.org\/{rel}","templated":true}]}}