{"id":299,"date":"2013-03-22T13:10:17","date_gmt":"2013-03-22T12:10:17","guid":{"rendered":"http:\/\/www.fotobcnlive.es\/?page_id=299"},"modified":"2017-05-02T14:21:41","modified_gmt":"2017-05-02T12:21:41","slug":"servicios","status":"publish","type":"page","link":"http:\/\/www.fotobcnlive.es\/?page_id=299","title":{"rendered":"Nuestros Servicios"},"content":{"rendered":"<p>Listado de servicios disponibles:<\/p>\n<ul>\n<li><a title=\"Team Building Photocall &amp; LP\" href=\"http:\/\/www.fotobcnlive.es\/?page_id=1750\/\">Team Building PhotoCall<\/a><\/li>\n<li><a title=\"Workshops\" href=\"http:\/\/www.fotobcnlive.es\/?page_id=288\/\">Talleres de fotograf\u00eda nocturna y light painting<\/a><\/li>\n<li>Campa\u00f1as de publicidad fotogr\u00e1fica y marketing<\/li>\n<li><a href=\"http:\/\/www.fotobcnlive.es\/?page_id=3212\">Fotograf\u00eda de moda<\/a><\/li>\n<li><a title=\"Fotograf\u00eda de producto\" href=\"http:\/\/www.fotobcnlive.es\/?page_id=1841\/\">Fotograf\u00eda de producto<\/a>\u00a0(Restauraci\u00f3n, alimentaci\u00f3n, tiendas, joyer\u00eda&#8230;)<\/li>\n<li><a href=\"?page_id=1970\">Fotograf\u00eda musical <\/a>(grupos musicales, artistas, books)<\/li>\n<li><a title=\"Fotograf\u00eda de eventos\" href=\"http:\/\/www.fotobcnlive.es\/?page_id=2901\">Fotograf\u00eda de eventos de empresa<\/a> (tambi\u00e9n book de empleados)<\/li>\n<li><a href=\"http:\/\/www.fotobcnlive.es\/?page_id=3105\">Fotograf\u00eda deportiva<\/a><\/li>\n<li>Talleres particulares a medida (iniciaci\u00f3n a la fotograf\u00eda general, fotograf\u00eda nocturna, de interiores, procesado de fotograf\u00edas, etc&#8230;)<\/li>\n<li><a title=\"Impresi\u00f3n digital\" href=\"http:\/\/www.fotobcnlive.es\/?page_id=2760\">Impresi\u00f3n Digital<\/a>\u00a0de fotograf\u00edas<\/li>\n<\/ul>\n<p>Para realizar cualquier consulta no dudes en ponerte en contacto con nosotros a trav\u00e9s de <a href=\"mailto:info@fotobcnlive.com\">info@fotobcnlive.com<\/a><\/p>\n<p>&nbsp;<\/p>\n","protected":false},"excerpt":{"rendered":"<p>Listado de servicios disponibles: Team Building PhotoCall Talleres de fotograf\u00eda nocturna y light painting Campa\u00f1as de publicidad fotogr\u00e1fica y marketing Fotograf\u00eda de moda Fotograf\u00eda de producto\u00a0(Restauraci\u00f3n, alimentaci\u00f3n, tiendas, joyer\u00eda&#8230;) Fotograf\u00eda musical (grupos musicales, artistas, books) Fotograf\u00eda de eventos de empresa (tambi\u00e9n book de empleados) Fotograf\u00eda deportiva Talleres particulares a medida (iniciaci\u00f3n a la fotograf\u00eda general,&#8230;<\/p>\n","protected":false},"author":1,"featured_media":12,"parent":0,"menu_order":0,"comment_status":"open","ping_status":"open","template":"template.fullwidth.php","meta":{"footnotes":""},"class_list":["post-299","page","type-page","status-publish","has-post-thumbnail","hentry"],"_links":{"self":[{"href":"http:\/\/www.fotobcnlive.es\/index.php?rest_route=\/wp\/v2\/pages\/299","targetHints":{"allow":["GET"]}}],"collection":[{"href":"http:\/\/www.fotobcnlive.es\/index.php?rest_route=\/wp\/v2\/pages"}],"about":[{"href":"http:\/\/www.fotobcnlive.es\/index.php?rest_route=\/wp\/v2\/types\/page"}],"author":[{"embeddable":true,"href":"http:\/\/www.fotobcnlive.es\/index.php?rest_route=\/wp\/v2\/users\/1"}],"replies":[{"embeddable":true,"href":"http:\/\/www.fotobcnlive.es\/index.php?rest_route=%2Fwp%2Fv2%2Fcomments&post=299"}],"version-history":[{"count":47,"href":"http:\/\/www.fotobcnlive.es\/index.php?rest_route=\/wp\/v2\/pages\/299\/revisions"}],"predecessor-version":[{"id":3417,"href":"http:\/\/www.fotobcnlive.es\/index.php?rest_route=\/wp\/v2\/pages\/299\/revisions\/3417"}],"wp:featuredmedia":[{"embeddable":true,"href":"http:\/\/www.fotobcnlive.es\/index.php?rest_route=\/wp\/v2\/media\/12"}],"wp:attachment":[{"href":"http:\/\/www.fotobcnlive.es\/index.php?rest_route=%2Fwp%2Fv2%2Fmedia&parent=299"}],"curies":[{"name":"wp","href":"https:\/\/api.w.org\/{rel}","templated":true}]}}