{"id":3244,"date":"2015-10-27T12:48:19","date_gmt":"2015-10-27T10:48:19","guid":{"rendered":"http:\/\/www.fotobcnlive.es\/?page_id=3244"},"modified":"2015-10-27T12:48:19","modified_gmt":"2015-10-27T10:48:19","slug":"workshop-fpac","status":"publish","type":"page","link":"http:\/\/www.fotobcnlive.es\/?page_id=3244","title":{"rendered":"Workshop FPAC"},"content":{"rendered":"<p>El pr\u00f3ximo <strong><span style=\"color: #99ccff;\">14 de Noviembre de 2015<\/span><\/strong> estaremos colaborando en el tercer taller de fotograf\u00eda nocturna aeron\u00e1utica que impartir\u00e1 Toni Tej\u00f3n y Andr\u00e9s Magai en el aeropuerto de Sabadell y con el soporte de la F.P.A.C.<\/p>\n<p>Interesados enviar correo electr\u00f3nico a cualquiera de las direcciones del cartel.<\/p>\n<p><img loading=\"lazy\" decoding=\"async\" class=\"aligncenter wp-image-3245\" src=\"http:\/\/www.fotobcnlive.es\/wp-content\/uploads\/2015\/10\/image002-1024x683.jpg\" alt=\"WSFPAC14NOV15\" width=\"960\" height=\"640\" srcset=\"http:\/\/www.fotobcnlive.es\/wp-content\/uploads\/2015\/10\/image002-1024x683.jpg 1024w, http:\/\/www.fotobcnlive.es\/wp-content\/uploads\/2015\/10\/image002-640x427.jpg 640w, http:\/\/www.fotobcnlive.es\/wp-content\/uploads\/2015\/10\/image002-960x640.jpg 960w, http:\/\/www.fotobcnlive.es\/wp-content\/uploads\/2015\/10\/image002.jpg 1200w\" sizes=\"auto, (max-width: 960px) 100vw, 960px\" \/><\/p>\n<p>&nbsp;<\/p>\n<p>&nbsp;<\/p>\n<p style=\"text-align: justify;\">La convocatoria tendr\u00e1 lugar a las 16:30 horas en los locales de la FPAC del aeropuerto. Despu\u00e9s de la recepci\u00f3n de los asistentes comenzaremos con un breve Briefing en las aulas preparadas para este fin donde daremos la parte te\u00f3rica.<\/p>\n<p style=\"text-align: justify;\"><span class=\"text_exposed_show\">Explicaremos a los asistentes algunas de las t\u00e9cnicas b\u00e1sicas para fotografiar en situaciones de poca luz, desde la composici\u00f3n de im\u00e1genes, el uso y utilizaci\u00f3n de los par\u00e1metros de la c\u00e1mara, trabajando con diferentes sensibilidades, las t\u00e9cnicas de hiperfocal, trabajar a velocidades lentas, la utilizaci\u00f3n del tr\u00edpode y cables disparadores, hasta t\u00e9cnicas de pintar con luz o el Light Painting.<\/span><\/p>\n<p style=\"text-align: justify;\"><span class=\"text_exposed_show\"><br \/>\nDespu\u00e9s de la parte te\u00f3rica, haremos una breve pausa para tomar un caf\u00e9 y seguir charlando de fotograf\u00eda y aviones, para posteriormente pasar a las plataformas que se encuentran frente a los hangares y donde nos encontraremos con los aviones.\u00a0Dependiendo del n\u00famero de asistentes haremos un par de grupos para repartirnos los aviones y comenzaremos a poner en pr\u00e1ctica la teor\u00eda aprendida.\u00a0<\/span>Esta parte es la m\u00e1s divertida del taller, iremos practicando las t\u00e9cnicas de enfoque con Hiperfocal, aprenderemos a utilizar las linternas para pintar con luz, y aprovechar nuestros equipos para sacar el m\u00e1ximo de cada avi\u00f3n.<\/p>\n<p style=\"text-align: justify;\"><span class=\"text_exposed_show\">Durante el mismo, no solo fotografiaremos a los aviones en general, sino que adem\u00e1s trabajaremos los detalles de cada uno, buscando esos puntos de vista que normalmente no se encuentran.<\/span><\/p>\n<p style=\"text-align: justify;\"><span class=\"text_exposed_show\"><br \/>\nEste taller es una oportunidad \u00fanica para acercarnos a los aviones de una forma exclusiva y que normalmente no es posible tanto en Exhibiciones o en Parques cerrados de aeronaves.<\/span><\/p>\n<p style=\"text-align: justify;\"><span class=\"text_exposed_show\"><br \/>\n<span style=\"color: #99ccff;\"><strong>Observaciones importantes<\/strong><\/span><\/span><\/p>\n<ul>\n<li style=\"text-align: justify;\"><span class=\"text_exposed_show\">El taller comienza a las 16:30 horas y finalizara a las 22h, para evitar retraso rogamos puntualidad a los asistentes.<\/span><\/li>\n<li style=\"text-align: justify;\"><span class=\"text_exposed_show\">Cualquier c\u00e1mara es v\u00e1lida para participar en este taller, sin embargo se recomienda traer c\u00e1maras de \u00f3pticas intercambiables, y as\u00ed poder trabajar con distintos objetivos.<\/span><\/li>\n<li style=\"text-align: justify;\"><span class=\"text_exposed_show\">Para realizar este taller lo ideal es disponer de un gran angular para la realizaci\u00f3n de las tomas generales y un peque\u00f1o tele corto, no es necesario que sea superior a los 200mm.<\/span><\/li>\n<li style=\"text-align: justify;\"><span class=\"text_exposed_show\">Es imprescindible traer un tr\u00edpode, pues se trabajar\u00e1 con velocidades de exposici\u00f3n muy lentas.<\/span><\/li>\n<li style=\"text-align: justify;\"><span class=\"text_exposed_show\">Es recomendable traer un cable disparador.<\/span><\/li>\n<li style=\"text-align: justify;\"><span class=\"text_exposed_show\">Bater\u00edas cargadas y tarjetas de memoria.<\/span><\/li>\n<li style=\"text-align: justify;\"><span class=\"text_exposed_show\">Para podernos mover en la oscuridad recomendamos que cada asistente se traiga una peque\u00f1a linterna, de mano o frontal, para poderse mover en la oscuridad, iluminar su c\u00e1mara, etc.<\/span><\/li>\n<li style=\"text-align: justify;\"><span class=\"text_exposed_show\">La organizaci\u00f3n del evento dispone de sus propias linternas para hacer el Light painting de los aviones.<\/span><\/li>\n<li style=\"text-align: justify;\"><span class=\"text_exposed_show\">Como la parte pr\u00e1ctica se realizar\u00e1 en exterior, por lo que recomendamos ropa de abrigo y guantes.<\/span><\/li>\n<\/ul>\n<p><span class=\"text_exposed_show\">El taller va a ser impartido por dos fot\u00f3grafos, miembros de la FPAC, con amplia experiencia en la fotograf\u00eda Aeron\u00e1utica y en la fotograf\u00eda Nocturna: Toni Tej\u00f3n Roca y Andr\u00e9s Magai Seibt<br \/>\n<\/span><\/p>\n<p><span class=\"text_exposed_show\">Participantes:<br \/>\nCualquier persona aficionada a la aeron\u00e1utica y la fotograf\u00eda.<br \/>\nEs necesario disponer de material propio.<br \/>\nSe recomienda \u00f3ptica gran angular.<\/span><\/p>\n<p>Os esperamos!<\/p>\n","protected":false},"excerpt":{"rendered":"<p>El pr\u00f3ximo 14 de Noviembre de 2015 estaremos colaborando en el tercer taller de fotograf\u00eda nocturna aeron\u00e1utica que impartir\u00e1 Toni Tej\u00f3n y Andr\u00e9s Magai en el aeropuerto de Sabadell y con el soporte de la F.P.A.C. Interesados enviar correo electr\u00f3nico a cualquiera de las direcciones del cartel. &nbsp; &nbsp; La convocatoria tendr\u00e1 lugar a las&#8230;<\/p>\n","protected":false},"author":1,"featured_media":3245,"parent":0,"menu_order":0,"comment_status":"open","ping_status":"open","template":"template.fullwidth.php","meta":{"footnotes":""},"class_list":["post-3244","page","type-page","status-publish","has-post-thumbnail","hentry"],"_links":{"self":[{"href":"http:\/\/www.fotobcnlive.es\/index.php?rest_route=\/wp\/v2\/pages\/3244","targetHints":{"allow":["GET"]}}],"collection":[{"href":"http:\/\/www.fotobcnlive.es\/index.php?rest_route=\/wp\/v2\/pages"}],"about":[{"href":"http:\/\/www.fotobcnlive.es\/index.php?rest_route=\/wp\/v2\/types\/page"}],"author":[{"embeddable":true,"href":"http:\/\/www.fotobcnlive.es\/index.php?rest_route=\/wp\/v2\/users\/1"}],"replies":[{"embeddable":true,"href":"http:\/\/www.fotobcnlive.es\/index.php?rest_route=%2Fwp%2Fv2%2Fcomments&post=3244"}],"version-history":[{"count":5,"href":"http:\/\/www.fotobcnlive.es\/index.php?rest_route=\/wp\/v2\/pages\/3244\/revisions"}],"predecessor-version":[{"id":3250,"href":"http:\/\/www.fotobcnlive.es\/index.php?rest_route=\/wp\/v2\/pages\/3244\/revisions\/3250"}],"wp:featuredmedia":[{"embeddable":true,"href":"http:\/\/www.fotobcnlive.es\/index.php?rest_route=\/wp\/v2\/media\/3245"}],"wp:attachment":[{"href":"http:\/\/www.fotobcnlive.es\/index.php?rest_route=%2Fwp%2Fv2%2Fmedia&parent=3244"}],"curies":[{"name":"wp","href":"https:\/\/api.w.org\/{rel}","templated":true}]}}